{"id":1480,"date":"2023-03-30T23:26:08","date_gmt":"2023-03-31T02:26:08","guid":{"rendered":"https:\/\/corecondf.org.br\/transparencia\/?page_id=1480"},"modified":"2023-12-14T23:11:06","modified_gmt":"2023-12-15T02:11:06","slug":"resolucoes-2023","status":"publish","type":"page","link":"https:\/\/corecondf.org.br\/transparencia\/atos-normativos\/resolucoes-2023\/","title":{"rendered":"Resolu\u00e7\u00f5es 2023"},"content":{"rendered":"<div align=\"right\"><a class=\"btn btn-primary btn-lg\" href=\"\/transparencia\/atos-normativos\/\" type=\"button\">Voltar<\/a><\/div>\n<p>&nbsp;<\/p>\n<table style=\"width: 100%;\" border=\"0\" align=\"center\">\n<tbody>\n<tr style=\"height: 70px;\">\n<th style=\"background-color: #333399; color: #ffffff; height: 70px; text-align: center;\">\n<p align=\"center\"><strong>RESOLU\u00c7\u00d5ES<\/strong><\/p>\n<\/th>\n<\/tr>\n<tr style=\"height: 486px;\">\n<td style=\"height: 486px; background-color: #f5f5f5; vertical-align: text-top;\">\n<p align=\"center\"><span style=\"color: #008080;\"><strong>2023<\/strong><\/span><\/p>\n<table><!-- style=\"height: 626px;\" --><\/p>\n<tbody>\n<tr>\n<td style=\"width: 70px;\"><strong><span style=\"color: #666699;\">N\u00b0<\/span><\/strong><\/td>\n<td><span style=\"color: #666699;\"><strong>Descri\u00e7\u00e3o<\/strong><\/span><\/td>\n<\/tr>\n<tr>\n<td>541<\/td>\n<td><a href=\"..\/..\/wp-content\/uploads\/docs\/atos-normativos\/resolucoes\/2023\/541.pdf\" target=\"_blank\" rel=\"noopener noreferrer\"> Processo de Presta\u00e7\u00e3o de Contas &#8211; 2022.<\/a><\/td>\n<\/tr>\n<tr>\n<td>542<\/td>\n<td><a href=\"..\/..\/wp-content\/uploads\/docs\/atos-normativos\/resolucoes\/2023\/542.pdf\" target=\"_blank\" rel=\"noopener noreferrer\">C\u00f3digo de conduta e integridade do CoreconDF.<\/a><\/td>\n<\/tr>\n<tr>\n<td>543<\/td>\n<td><a href=\"..\/..\/wp-content\/uploads\/docs\/atos-normativos\/resolucoes\/2023\/543.pdf\" target=\"_blank\" rel=\"noopener noreferrer\">IX Programa de Recupera\u00e7\u00e3o de Cr\u00e9dito.<\/a><\/td>\n<\/tr>\n<tr>\n<td>544<\/td>\n<td><a href=\"..\/..\/wp-content\/uploads\/docs\/atos-normativos\/resolucoes\/2023\/544.pdf\" target=\"_blank\" rel=\"noopener noreferrer\">Aprova\u00e7\u00e3o do Plano de Trabalho do Terceiro Workshop Internacional do Grupo de Pesquisa Macroeconomia Estruturalista.<\/a><\/td>\n<\/tr>\n<tr>\n<td>545<\/td>\n<td><a href=\"..\/..\/wp-content\/uploads\/docs\/atos-normativos\/resolucoes\/2023\/545.pdf\" target=\"_blank\" rel=\"noopener noreferrer\">Balancete do 1\u00b0 Trimestre de 2023.<\/a><\/td>\n<\/tr>\n<tr>\n<td>546<\/td>\n<td><a href=\"..\/..\/wp-content\/uploads\/docs\/atos-normativos\/resolucoes\/2023\/546.pdf\" target=\"_blank\" rel=\"noopener noreferrer\">Balancete do 2\u00b0 Trimestre de 2023.<\/a><\/td>\n<\/tr>\n<tr>\n<td>547<\/td>\n<td><a href=\"..\/..\/wp-content\/uploads\/docs\/atos-normativos\/resolucoes\/2023\/547.pdf\" target=\"_blank\" rel=\"noopener noreferrer\">Anuidades e Emolumentos para 2024.<\/a><\/td>\n<\/tr>\n<tr>\n<td>548<\/td>\n<td><a href=\"..\/..\/wp-content\/uploads\/docs\/atos-normativos\/resolucoes\/2023\/548.pdf\" target=\"_blank\" rel=\"noopener noreferrer\">Proposta Or\u00e7ament\u00e1ria 2024.<\/a><\/td>\n<\/tr>\n<tr>\n<td>549<\/td>\n<td><a href=\"..\/..\/wp-content\/uploads\/docs\/atos-normativos\/resolucoes\/2023\/549.pdf\" target=\"_blank\" rel=\"noopener noreferrer\">Balancete do 3\u00ba trimestre &#8211; 2023.<\/a><\/td>\n<\/tr>\n<\/tbody>\n<\/table>\n<\/td>\n<\/tr>\n<\/tbody>\n<\/table>\n","protected":false},"excerpt":{"rendered":"<p>Voltar &nbsp; RESOLU\u00c7\u00d5ES 2023 N\u00b0 Descri\u00e7\u00e3o 541 Processo de Presta\u00e7\u00e3o de Contas &#8211; 2022. 542 C\u00f3digo de conduta e integridade do CoreconDF. 543 IX Programa de Recupera\u00e7\u00e3o de Cr\u00e9dito. 544 Aprova\u00e7\u00e3o do Plano de Trabalho do Terceiro Workshop Internacional do Grupo de Pesquisa Macroeconomia Estruturalista. 545 Balancete do 1\u00b0 Trimestre de 2023. 546 Balancete do &hellip; <a href=\"https:\/\/corecondf.org.br\/transparencia\/atos-normativos\/resolucoes-2023\/\" class=\"more-link\">Continue reading <span class=\"screen-reader-text\">Resolu\u00e7\u00f5es 2023<\/span><\/a><\/p>\n","protected":false},"author":2,"featured_media":0,"parent":35,"menu_order":0,"comment_status":"closed","ping_status":"closed","template":"","meta":{"footnotes":""},"class_list":["post-1480","page","type-page","status-publish","hentry"],"_links":{"self":[{"href":"https:\/\/corecondf.org.br\/transparencia\/wp-json\/wp\/v2\/pages\/1480","targetHints":{"allow":["GET"]}}],"collection":[{"href":"https:\/\/corecondf.org.br\/transparencia\/wp-json\/wp\/v2\/pages"}],"about":[{"href":"https:\/\/corecondf.org.br\/transparencia\/wp-json\/wp\/v2\/types\/page"}],"author":[{"embeddable":true,"href":"https:\/\/corecondf.org.br\/transparencia\/wp-json\/wp\/v2\/users\/2"}],"replies":[{"embeddable":true,"href":"https:\/\/corecondf.org.br\/transparencia\/wp-json\/wp\/v2\/comments?post=1480"}],"version-history":[{"count":10,"href":"https:\/\/corecondf.org.br\/transparencia\/wp-json\/wp\/v2\/pages\/1480\/revisions"}],"predecessor-version":[{"id":1550,"href":"https:\/\/corecondf.org.br\/transparencia\/wp-json\/wp\/v2\/pages\/1480\/revisions\/1550"}],"up":[{"embeddable":true,"href":"https:\/\/corecondf.org.br\/transparencia\/wp-json\/wp\/v2\/pages\/35"}],"wp:attachment":[{"href":"https:\/\/corecondf.org.br\/transparencia\/wp-json\/wp\/v2\/media?parent=1480"}],"curies":[{"name":"wp","href":"https:\/\/api.w.org\/{rel}","templated":true}]}}