{"id":118,"date":"2018-07-14T15:57:05","date_gmt":"2018-07-14T18:57:05","guid":{"rendered":"http:\/\/corecondf.org.br\/transparencia\/?page_id=118"},"modified":"2018-07-14T16:34:28","modified_gmt":"2018-07-14T19:34:28","slug":"resolucoes-2015","status":"publish","type":"page","link":"https:\/\/corecondf.org.br\/transparencia\/atos-normativos\/resolucoes-2015\/","title":{"rendered":"Resolu\u00e7\u00f5es 2015"},"content":{"rendered":"<p>&nbsp;<\/p>\n<table style=\"width: 100%;\" border=\"0\" align=\"center\">\n<tbody>\n<tr style=\"height: 70px;\">\n<th style=\"background-color: #333399; color: #ffffff; height: 70px; text-align: center;\">\n<p align=\"center\"><strong>RESOLU\u00c7\u00d5ES<\/strong><\/p>\n<\/th>\n<\/tr>\n<tr style=\"height: 486px;\">\n<td style=\"height: 486px; background-color: #f5f5f5; vertical-align: text-top;\">\n<p align=\"center\"><span style=\"color: #008080;\"><strong>2015<\/strong><\/span><\/p>\n<table> <!-- style=\"height: 626px;\" --> <\/p>\n<tbody>\n<tr>\n<td style=\"width: 70px;\"><strong><span style=\"color: #666699;\">N\u00b0<\/span><\/strong><\/td>\n<td><span style=\"color: #666699;\"><strong>Descri\u00e7\u00e3o<\/strong><\/span><\/td>\n<\/tr>\n<tr>\n<td>463<\/td>\n<td><a href=\"..\/..\/wp-content\/uploads\/docs\/atos-normativos\/resolucoes\/2015\/Res463-2015.pdf\" target=\"_blank\" rel=\"noopener\">Aprova Balancete do 2\u00b0 Trimestre do Exerc\u00edcio de 2014.<\/a><\/td>\n<\/tr>\n<tr>\n<td>464<\/td>\n<td><a href=\"..\/..\/wp-content\/uploads\/docs\/atos-normativos\/resolucoes\/2015\/Res464-2015.pdf\" target=\"_blank\" rel=\"noopener\">Aprova Balancete do 3\u00b0 Trimestre do Exerc\u00edcio de 2014.<\/a><\/td>\n<\/tr>\n<tr>\n<td>465<\/td>\n<td><a href=\"..\/..\/wp-content\/uploads\/docs\/atos-normativos\/resolucoes\/2015\/Res465-2015.pdf\" target=\"_blank\" rel=\"noopener\">Aprova Reformula\u00e7\u00e3o Or\u00e7ament\u00e1ria do Exerc\u00edcio de 2014.<\/a><\/td>\n<\/tr>\n<tr>\n<td>466<\/td>\n<td><a href=\"..\/..\/wp-content\/uploads\/docs\/atos-normativos\/resolucoes\/2015\/Res466-2015.pdf\" target=\"_blank\" rel=\"noopener\">Aprova Presta\u00e7\u00e3o de Contas do Exerc\u00edcio de 2014.<\/a><\/td>\n<\/tr>\n<tr>\n<td>468<\/td>\n<td><a href=\"..\/..\/wp-content\/uploads\/docs\/atos-normativos\/resolucoes\/2015\/Res468-2015.pdf\" target=\"_blank\" rel=\"noopener\">Aprova Balancete do 1\u00b0 Trimestre do Exerc\u00edcio de 2015.<\/a><\/td>\n<\/tr>\n<tr>\n<td>469<\/td>\n<td><a href=\"..\/..\/wp-content\/uploads\/docs\/atos-normativos\/resolucoes\/2015\/Res469-2015.pdf\" target=\"_blank\" rel=\"noopener\">Designa\u00e7\u00e3o da Comiss\u00e3o Eleitoral de 2015.<\/a><\/td>\n<\/tr>\n<tr>\n<td>470<\/td>\n<td><a href=\"..\/..\/wp-content\/uploads\/docs\/atos-normativos\/resolucoes\/2015\/Res470-2015.pdf\" target=\"_blank\" rel=\"noopener\">Aprova Balancete do 2\u00b0 Trimestre do Exerc\u00edcio de 2015.<\/a><\/td>\n<\/tr>\n<tr>\n<td>471<\/td>\n<td><a href=\"..\/..\/wp-content\/uploads\/docs\/atos-normativos\/resolucoes\/2015\/Res471-2015.pdf\" target=\"_blank\" rel=\"noopener\">Prazo para registro de chapas.<\/a><\/td>\n<\/tr>\n<tr>\n<td>472<\/td>\n<td><a href=\"..\/..\/wp-content\/uploads\/docs\/atos-normativos\/resolucoes\/2015\/Res472-2015.pdf\" target=\"_blank\" rel=\"noopener\">Aprova Reformula\u00e7\u00e3o Or\u00e7ament\u00e1ria do Exerc\u00edcio de 2015.<\/a><\/td>\n<\/tr>\n<tr>\n<td>473<\/td>\n<td><a href=\"..\/..\/wp-content\/uploads\/docs\/atos-normativos\/resolucoes\/2015\/Res473-2015.pdf\" target=\"_blank\" rel=\"noopener\">Aprova Balancete do 3\u00b0 Trimestre do Exerc\u00edcio de 2015.<\/a><\/td>\n<\/tr>\n<tr>\n<td>474<\/td>\n<td><a href=\"..\/..\/wp-content\/uploads\/docs\/atos-normativos\/resolucoes\/2015\/Res474-2015.pdf\" target=\"_blank\" rel=\"noopener\">Aprova Proposta Or\u00e7ament\u00e1ria do Exerc\u00edcio de 2016.<\/a><\/td>\n<\/tr>\n<tr>\n<td>475<\/td>\n<td><a href=\"..\/..\/wp-content\/uploads\/docs\/atos-normativos\/resolucoes\/2015\/Res475-2015.pdf\" target=\"_blank\" rel=\"noopener\">Anuidades e Emolumentos para 2016.<\/a><\/td>\n<\/tr>\n<\/tbody>\n<\/table>\n<\/td>\n<\/tr>\n<\/tbody>\n<\/table>\n","protected":false},"excerpt":{"rendered":"<p>&nbsp; RESOLU\u00c7\u00d5ES 2015 N\u00b0 Descri\u00e7\u00e3o 463 Aprova Balancete do 2\u00b0 Trimestre do Exerc\u00edcio de 2014. 464 Aprova Balancete do 3\u00b0 Trimestre do Exerc\u00edcio de 2014. 465 Aprova Reformula\u00e7\u00e3o Or\u00e7ament\u00e1ria do Exerc\u00edcio de 2014. 466 Aprova Presta\u00e7\u00e3o de Contas do Exerc\u00edcio de 2014. 468 Aprova Balancete do 1\u00b0 Trimestre do Exerc\u00edcio de 2015. 469 Designa\u00e7\u00e3o da &hellip; <a href=\"https:\/\/corecondf.org.br\/transparencia\/atos-normativos\/resolucoes-2015\/\" class=\"more-link\">Continue reading <span class=\"screen-reader-text\">Resolu\u00e7\u00f5es 2015<\/span><\/a><\/p>\n","protected":false},"author":2,"featured_media":0,"parent":35,"menu_order":0,"comment_status":"closed","ping_status":"closed","template":"","meta":{"footnotes":""},"class_list":["post-118","page","type-page","status-publish","hentry"],"_links":{"self":[{"href":"https:\/\/corecondf.org.br\/transparencia\/wp-json\/wp\/v2\/pages\/118","targetHints":{"allow":["GET"]}}],"collection":[{"href":"https:\/\/corecondf.org.br\/transparencia\/wp-json\/wp\/v2\/pages"}],"about":[{"href":"https:\/\/corecondf.org.br\/transparencia\/wp-json\/wp\/v2\/types\/page"}],"author":[{"embeddable":true,"href":"https:\/\/corecondf.org.br\/transparencia\/wp-json\/wp\/v2\/users\/2"}],"replies":[{"embeddable":true,"href":"https:\/\/corecondf.org.br\/transparencia\/wp-json\/wp\/v2\/comments?post=118"}],"version-history":[{"count":0,"href":"https:\/\/corecondf.org.br\/transparencia\/wp-json\/wp\/v2\/pages\/118\/revisions"}],"up":[{"embeddable":true,"href":"https:\/\/corecondf.org.br\/transparencia\/wp-json\/wp\/v2\/pages\/35"}],"wp:attachment":[{"href":"https:\/\/corecondf.org.br\/transparencia\/wp-json\/wp\/v2\/media?parent=118"}],"curies":[{"name":"wp","href":"https:\/\/api.w.org\/{rel}","templated":true}]}}