{"id":1151,"date":"2020-01-10T13:28:34","date_gmt":"2020-01-10T16:28:34","guid":{"rendered":"http:\/\/corecondf.org.br\/transparencia\/?page_id=1151"},"modified":"2021-01-04T19:09:56","modified_gmt":"2021-01-04T22:09:56","slug":"portarias-2020","status":"publish","type":"page","link":"https:\/\/corecondf.org.br\/transparencia\/atos-normativos\/portarias-2020\/","title":{"rendered":"Portarias 2020"},"content":{"rendered":"<div align=\"right\"><a type=\"button\" class=\"btn btn-primary btn-lg\" href=\"\/transparencia\/atos-normativos\">Voltar<\/a><\/div>\n<p><\/p>\n<table style=\"width: 100%;\" border=\"0\" align=\"center\">\n<tbody>\n<tr style=\"height: 70px;\">\n<th style=\"background-color: #333399; color: #ffffff; height: 70px; text-align: center;\">\n<p align=\"center\"><strong>PORTARIAS<\/strong><\/p>\n<\/th>\n<\/tr>\n<tr style=\"height: 486px;\">\n<td style=\"height: 486px; background-color: #f5f5f5; vertical-align: text-top;\">\n<p align=\"center\"><span style=\"color: #008080;\"><strong>2020<\/strong><\/span><\/p>\n<table style=\"height: 626px;\">\n<tbody>\n<tr>\n<td style=\"width: 70px;\"><strong><span style=\"color: #666699;\">N\u00b0<\/span><\/strong><\/td>\n<td><span style=\"color: #666699;\"><strong>Descri\u00e7\u00e3o<\/strong><\/span><\/td>\n<\/tr>\n<tr>\n<td>001<\/td>\n<td><a href=\"..\/..\/wp-content\/uploads\/docs\/atos-normativos\/portarias\/2020\/Port-0012020.pdf\" target=\"_blank\" rel=\"noopener noreferrer\">Designa composi\u00e7\u00e3o de Licita\u00e7\u00e3o do Exerc\u00edcio de 2020.<\/a><\/td>\n<\/tr>\n<tr>\n<td>002<\/td>\n<td><a href=\"..\/..\/wp-content\/uploads\/docs\/atos-normativos\/portarias\/2020\/Port-0022020.pdf\" target=\"_blank\" rel=\"noopener noreferrer\">Designa composi\u00e7\u00e3o da Comiss\u00e3o de Tomada de Contas do Exerc\u00edcio de 2020.<\/a><\/td>\n<\/tr>\n<tr>\n<td>003<\/td>\n<td><a href=\"..\/..\/wp-content\/uploads\/docs\/atos-normativos\/portarias\/2020\/Port-0032020.pdf\" target=\"_blank\" rel=\"noopener noreferrer\">Designa Daniel dos Passos Soares como Gerente Executivo.<\/a><\/td>\n<\/tr>\n<tr>\n<td>004<\/td>\n<td><a href=\"..\/..\/wp-content\/uploads\/docs\/atos-normativos\/portarias\/2020\/Port-0042020.pdf\" target=\"_blank\" rel=\"noopener noreferrer\">Designa Marianne Dias Pereira como Assessora T\u00e9cnica.<\/a><\/td>\n<\/tr>\n<tr>\n<td>005<\/td>\n<td><a href=\"..\/..\/wp-content\/uploads\/docs\/atos-normativos\/portarias\/2020\/Port-0052020.pdf\" target=\"_blank\" rel=\"noopener noreferrer\">Designa Angeilton Francisco Lima Faleiro como Assessor T\u00e9cnico.<\/a><\/td>\n<\/tr>\n<tr>\n<td>006<\/td>\n<td><a href=\"..\/..\/wp-content\/uploads\/docs\/atos-normativos\/portarias\/2020\/Port-0062020.pdf\" target=\"_blank\" rel=\"noopener noreferrer\">Delega\u00e7\u00e3o de poderes ao Gerente Executivo.<\/a><\/td>\n<\/tr>\n<tr>\n<td>007<\/td>\n<td><a href=\"..\/..\/wp-content\/uploads\/docs\/atos-normativos\/portarias\/2020\/Port-0072020.pdf\" target=\"_blank\" rel=\"noopener noreferrer\">Designa funcion\u00e1rios para movimentar conta corrente do Corecon-DF.<\/a><\/td>\n<\/tr>\n<tr>\n<td>008<\/td>\n<td><a href=\"..\/..\/wp-content\/uploads\/docs\/atos-normativos\/portarias\/2020\/Port-0082020.pdf\" target=\"_blank\" rel=\"noopener noreferrer\">Designa Comiss\u00f5es Tem\u00e1ticas de 2020.<\/a><\/td>\n<\/tr>\n<tr>\n<td>009<\/td>\n<td><a href=\"..\/..\/wp-content\/uploads\/docs\/atos-normativos\/portarias\/2020\/Port-0092020.pdf\" target=\"_blank\" rel=\"noopener noreferrer\">Designa composi\u00e7\u00e3o do N\u00facleo de Per\u00edcia de 2020.<\/a><\/td>\n<\/tr>\n<tr>\n<td>010<\/td>\n<td><a href=\"..\/..\/wp-content\/uploads\/docs\/atos-normativos\/portarias\/2020\/Port-0102020.pdf\" target=\"_blank\" rel=\"noopener noreferrer\">Designa comiss\u00e3o organizadora do ENEOESTE.<\/a><\/td>\n<\/tr>\n<tr>\n<td>011<\/td>\n<td><a href=\"..\/..\/wp-content\/uploads\/docs\/atos-normativos\/portarias\/2020\/Port-0112020.pdf\" target=\"_blank\" rel=\"noopener noreferrer\">Comiss\u00e3o de Crise para implementa\u00e7\u00e3o de medidas urgentes e priorit\u00e1rias.<\/a><\/td>\n<\/tr>\n<tr>\n<td>012<\/td>\n<td><a href=\"..\/..\/wp-content\/uploads\/docs\/atos-normativos\/portarias\/2020\/Port-0122020.pdf\" target=\"_blank\" rel=\"noopener noreferrer\">Altera\u00e7\u00e3o do Endere\u00e7o.<\/a><\/td>\n<\/tr>\n<tr>\n<td>013<\/td>\n<td><a href=\"..\/..\/wp-content\/uploads\/docs\/atos-normativos\/portarias\/2020\/Port-0132020.pdf\" target=\"_blank\" rel=\"noopener noreferrer\">Nomera\u00e7\u00e3o da Comiss\u00e3o Eleitoral 2019.<\/a><\/td>\n<\/tr>\n<tr>\n<td>014<\/td>\n<td><a href=\"..\/..\/wp-content\/uploads\/docs\/atos-normativos\/portarias\/2020\/Port-0142020.pdf\" target=\"_blank\" rel=\"noopener noreferrer\">Prorroga\u00e7\u00e3o do prazo de incidencia de encargos.<\/a><\/td>\n<\/tr>\n<tr>\n<td>015<\/td>\n<td><a href=\"..\/..\/wp-content\/uploads\/docs\/atos-normativos\/portarias\/2020\/Port-0152020.pdf\" target=\"_blank\" rel=\"noopener noreferrer\">Designa presidente \u201cpor tempore\u201d.<\/a><\/td>\n<\/tr>\n<\/tbody>\n<\/table>\n<\/td>\n<\/tr>\n<\/tbody>\n<\/table>\n","protected":false},"excerpt":{"rendered":"<p>Voltar PORTARIAS 2020 N\u00b0 Descri\u00e7\u00e3o 001 Designa composi\u00e7\u00e3o de Licita\u00e7\u00e3o do Exerc\u00edcio de 2020. 002 Designa composi\u00e7\u00e3o da Comiss\u00e3o de Tomada de Contas do Exerc\u00edcio de 2020. 003 Designa Daniel dos Passos Soares como Gerente Executivo. 004 Designa Marianne Dias Pereira como Assessora T\u00e9cnica. 005 Designa Angeilton Francisco Lima Faleiro como Assessor T\u00e9cnico. 006 Delega\u00e7\u00e3o &hellip; <a href=\"https:\/\/corecondf.org.br\/transparencia\/atos-normativos\/portarias-2020\/\" class=\"more-link\">Continue reading <span class=\"screen-reader-text\">Portarias 2020<\/span><\/a><\/p>\n","protected":false},"author":2,"featured_media":0,"parent":35,"menu_order":0,"comment_status":"closed","ping_status":"closed","template":"","meta":{"footnotes":""},"class_list":["post-1151","page","type-page","status-publish","hentry"],"_links":{"self":[{"href":"https:\/\/corecondf.org.br\/transparencia\/wp-json\/wp\/v2\/pages\/1151","targetHints":{"allow":["GET"]}}],"collection":[{"href":"https:\/\/corecondf.org.br\/transparencia\/wp-json\/wp\/v2\/pages"}],"about":[{"href":"https:\/\/corecondf.org.br\/transparencia\/wp-json\/wp\/v2\/types\/page"}],"author":[{"embeddable":true,"href":"https:\/\/corecondf.org.br\/transparencia\/wp-json\/wp\/v2\/users\/2"}],"replies":[{"embeddable":true,"href":"https:\/\/corecondf.org.br\/transparencia\/wp-json\/wp\/v2\/comments?post=1151"}],"version-history":[{"count":0,"href":"https:\/\/corecondf.org.br\/transparencia\/wp-json\/wp\/v2\/pages\/1151\/revisions"}],"up":[{"embeddable":true,"href":"https:\/\/corecondf.org.br\/transparencia\/wp-json\/wp\/v2\/pages\/35"}],"wp:attachment":[{"href":"https:\/\/corecondf.org.br\/transparencia\/wp-json\/wp\/v2\/media?parent=1151"}],"curies":[{"name":"wp","href":"https:\/\/api.w.org\/{rel}","templated":true}]}}