{"id":107,"date":"2018-07-14T15:16:39","date_gmt":"2018-07-14T18:16:39","guid":{"rendered":"http:\/\/corecondf.org.br\/transparencia\/?page_id=107"},"modified":"2018-07-14T15:33:50","modified_gmt":"2018-07-14T18:33:50","slug":"resolucoes-2017","status":"publish","type":"page","link":"https:\/\/corecondf.org.br\/transparencia\/atos-normativos\/resolucoes-2017\/","title":{"rendered":"Resolu\u00e7\u00f5es 2017"},"content":{"rendered":"<p>&nbsp;<\/p>\n<table style=\"width: 100%;\" border=\"0\" align=\"center\">\n<tbody>\n<tr style=\"height: 70px;\">\n<th style=\"background-color: #333399; color: #ffffff; height: 70px; text-align: center;\">\n<p align=\"center\"><strong>RESOLU\u00c7\u00d5ES<\/strong><\/p>\n<\/th>\n<\/tr>\n<tr style=\"height: 486px;\">\n<td style=\"height: 486px; background-color: #f5f5f5; vertical-align: text-top;\">\n<p align=\"center\"><span style=\"color: #008080;\"><strong>2017<\/strong><\/span><\/p>\n<table> <!-- style=\"height: 626px;\" --> <\/p>\n<tbody>\n<tr>\n<td style=\"width: 70px;\"><strong><span style=\"color: #666699;\">N\u00b0<\/span><\/strong><\/td>\n<td><span style=\"color: #666699;\"><strong>Descri\u00e7\u00e3o<\/strong><\/span><\/td>\n<\/tr>\n<tr>\n<td>489<\/td>\n<td><a href=\"..\/..\/wp-content\/uploads\/docs\/atos-normativos\/resolucoes\/2017\/Res489-2017.pdf\" target=\"_blank\" rel=\"noopener\">Aprova Presta\u00e7\u00e3o de Contas do Exerc\u00edcio de 2016.<\/a><\/td>\n<\/tr>\n<tr>\n<td>490<\/td>\n<td><a href=\"..\/..\/wp-content\/uploads\/docs\/atos-normativos\/resolucoes\/2017\/Res490-2017.pdf\" target=\"_blank\" rel=\"noopener\">VI Programa de Recupera\u00e7\u00e3o de Cr\u00e9dito.<\/a><\/td>\n<\/tr>\n<tr>\n<td>491<\/td>\n<td><a href=\"..\/..\/wp-content\/uploads\/docs\/atos-normativos\/resolucoes\/2017\/Res491-2017.pdf\" target=\"_blank\" rel=\"noopener\">Aprova Balancete do 1\u00b0 Trimestre do Exerc\u00edcio de 2017.<\/a><\/td>\n<\/tr>\n<tr>\n<td>492<\/td>\n<td><a href=\"..\/..\/wp-content\/uploads\/docs\/atos-normativos\/resolucoes\/2017\/Res492-2017.pdf\" target=\"_blank\" rel=\"noopener\">Aprova Reformula\u00e7\u00e3o Or\u00e7ament\u00e1ria do Exerc\u00edcio de 2017.<\/a><\/td>\n<\/tr>\n<tr>\n<td>493<\/td>\n<td><a href=\"..\/..\/wp-content\/uploads\/docs\/atos-normativos\/resolucoes\/2017\/Res493-2017.pdf\" target=\"_blank\" rel=\"noopener\">Designa\u00e7\u00e3o da Comiss\u00e3o Eleitoral de 2017.<\/a><\/td>\n<\/tr>\n<tr>\n<td>494<\/td>\n<td><a href=\"..\/..\/wp-content\/uploads\/docs\/atos-normativos\/resolucoes\/2017\/Res494-2017.pdf\" target=\"_blank\" rel=\"noopener\">Aprova Balancete do 2\u00b0 Trimestre do Exerc\u00edcio de 2017.<\/a><\/td>\n<\/tr>\n<tr>\n<td>495<\/td>\n<td><a href=\"..\/..\/wp-content\/uploads\/docs\/atos-normativos\/resolucoes\/2017\/Res495-2017.pdf\" target=\"_blank\" rel=\"noopener\">VII Programa de Recupera\u00e7\u00e3o de Cr\u00e9dito.<\/a><\/td>\n<\/tr>\n<tr>\n<td>496<\/td>\n<td><a href=\"..\/..\/wp-content\/uploads\/docs\/atos-normativos\/resolucoes\/2017\/Res496-2017.pdf\" target=\"_blank\" rel=\"noopener\">Anuidades e Emolumentos para 2018.<\/a><\/td>\n<\/tr>\n<tr>\n<td>497<\/td>\n<td><a href=\"..\/..\/wp-content\/uploads\/docs\/atos-normativos\/resolucoes\/2017\/Res497-2017.pdf\" target=\"_blank\" rel=\"noopener\">Aprova Balancete do 3\u00b0 Trimestre do Exerc\u00edcio de 2017.<\/a><\/td>\n<\/tr>\n<tr>\n<td>498<\/td>\n<td><a href=\"..\/..\/wp-content\/uploads\/docs\/atos-normativos\/resolucoes\/2017\/Res498-2017.pdf\" target=\"_blank\" rel=\"noopener\">Aprova Proposta Or\u00e7ament\u00e1ria do Exerc\u00edcio de 2018.<\/a><\/td>\n<\/tr>\n<\/tbody>\n<\/table>\n<\/td>\n<\/tr>\n<\/tbody>\n<\/table>\n","protected":false},"excerpt":{"rendered":"<p>&nbsp; RESOLU\u00c7\u00d5ES 2017 N\u00b0 Descri\u00e7\u00e3o 489 Aprova Presta\u00e7\u00e3o de Contas do Exerc\u00edcio de 2016. 490 VI Programa de Recupera\u00e7\u00e3o de Cr\u00e9dito. 491 Aprova Balancete do 1\u00b0 Trimestre do Exerc\u00edcio de 2017. 492 Aprova Reformula\u00e7\u00e3o Or\u00e7ament\u00e1ria do Exerc\u00edcio de 2017. 493 Designa\u00e7\u00e3o da Comiss\u00e3o Eleitoral de 2017. 494 Aprova Balancete do 2\u00b0 Trimestre do Exerc\u00edcio de &hellip; <a href=\"https:\/\/corecondf.org.br\/transparencia\/atos-normativos\/resolucoes-2017\/\" class=\"more-link\">Continue reading <span class=\"screen-reader-text\">Resolu\u00e7\u00f5es 2017<\/span><\/a><\/p>\n","protected":false},"author":2,"featured_media":0,"parent":35,"menu_order":0,"comment_status":"closed","ping_status":"closed","template":"","meta":{"footnotes":""},"class_list":["post-107","page","type-page","status-publish","hentry"],"_links":{"self":[{"href":"https:\/\/corecondf.org.br\/transparencia\/wp-json\/wp\/v2\/pages\/107","targetHints":{"allow":["GET"]}}],"collection":[{"href":"https:\/\/corecondf.org.br\/transparencia\/wp-json\/wp\/v2\/pages"}],"about":[{"href":"https:\/\/corecondf.org.br\/transparencia\/wp-json\/wp\/v2\/types\/page"}],"author":[{"embeddable":true,"href":"https:\/\/corecondf.org.br\/transparencia\/wp-json\/wp\/v2\/users\/2"}],"replies":[{"embeddable":true,"href":"https:\/\/corecondf.org.br\/transparencia\/wp-json\/wp\/v2\/comments?post=107"}],"version-history":[{"count":0,"href":"https:\/\/corecondf.org.br\/transparencia\/wp-json\/wp\/v2\/pages\/107\/revisions"}],"up":[{"embeddable":true,"href":"https:\/\/corecondf.org.br\/transparencia\/wp-json\/wp\/v2\/pages\/35"}],"wp:attachment":[{"href":"https:\/\/corecondf.org.br\/transparencia\/wp-json\/wp\/v2\/media?parent=107"}],"curies":[{"name":"wp","href":"https:\/\/api.w.org\/{rel}","templated":true}]}}